reatest common divisor of 22 and 35871.
11
Calculate the highest common factor of 286 and 78.
26
Calculate the highest common factor of 14 and 1050.
14
What is the greatest common factor of 132 and 12?
12
Calculate the highest common factor of 15225 and 210.
105
Calculate the greatest common divisor of 154 and 1302.
14
Calculate the greatest common factor of 21243 and 657.
219
Calculate the highest common divisor of 1242 and 18.
18
What is the highest common factor of 1575 and 7?
7
Calculate the greatest common factor of 1608 and 192.
24
Calculate the greatest common divisor of 54 and 1134.
54
Calculate the greatest common factor of 34 and 16.
2
Calculate the greatest common divisor of 9 and 6084.
9
Calculate the highest common factor of 285 and 15.
15
Calculate the greatest common divisor of 1254 and 1539.
57
What is the greatest common divisor of 85 and 935?
85
Calculate the greatest common divisor of 207 and 13869.
207
What is the greatest common divisor of 14 and 3514?
14
Calculate the greatest common factor of 616 and 1946.
14
Calculate the highest common divisor of 109 and 9047.
109
Calculate the greatest common divisor of 11 and 627.
11
What is the greatest common divisor of 87 and 4379?
29
Calculate the highest common divisor of 180 and 48.
12
What is the highest common divisor of 688 and 16?
16
What is the greatest common factor of 147 and 14721?
21
Calculate the greatest common divisor of 5 and 19.
1
Calculate the highest common divisor of 26 and 11258.
26
Calculate the highest common factor of 9 and 891.
9
What is the highest common factor of 44 and 1408?
44
Calculate the highest common factor of 297 and 693.
99
What is the greatest common factor of 1 and 9?
1
What is the greatest common divisor of 2466 and 342?
18
What is the greatest common factor of 18 and 171?
9
What is the highest common factor of 26 and 20163?
13
Calculate the greatest common factor of 5945 and 58.
29
Calculate the greatest common divisor of 95 and 120.
5
What is the highest common divisor of 172 and 43?
43
Calculate the highest common divisor of 10 and 320.
10
Calculate the highest common factor of 168 and 1608.
24
Calculate the greatest common factor of 8712 and 48.
24
Calculate the greatest common factor of 138 and 114.
6
What is the greatest common divisor of 116 and 32596?
116
Calculate the highest common divisor of 72 and 45.
9
What is the greatest common factor of 4245 and 15?
15
What is the greatest common factor of 903 and 84?
21
Calculate the highest common divisor of 2257 and 488.
61
What is the highest common factor of 16 and 2440?
8
Calculate the greatest common divisor of 206 and 2.
2
Calculate the highest common factor of 28 and 1134.
14
What is the highest common factor of 1972 and 261?
29
Calculate the highest common divisor of 45 and 10.
5
What is the greatest common factor of 36 and 6057?
9
What is the greatest common divisor of 460 and 60?
20
Calculate the highest common divisor of 2623 and 244.
61
Calculate the highest common factor of 6 and 38.
2
What is the highest common divisor of 973 and 7?
7
Calculate the greatest common divisor of 14 and 1106.
14
What is the highest common divisor of 186 and 1643?
31
What is the greatest common divisor of 90 and 480?
30
What is the highest common divisor of 1426 and 62?
62
Calculate the greatest common divisor of 6650 and 28.
14
Calculate the greatest common factor of 550 and 100.
50
What is the greatest common divisor of 33 and 14256?
33
What is the greatest common factor of 20 and 340?
20
What is the highest common divisor of 267 and 712?
89
What is the greatest common factor of 104 and 494?
26
What is the greatest common factor of 224 and 144?
16
Calculate the greatest common factor of 63 and 4221.
63
Calculate the highest common factor of 312 and 390.
78
Calculate the greatest common divisor of 88 and 275.
11
What is the highest common factor of 128 and 48?
16
Calculate the highest common factor of 86 and 2107.
43
What is the highest common divisor of 432 and 96?
48
What is the highest common divisor of 69 and 5?
1
What is the highest common divisor of 3 and 1473?
3
Calculate the greatest common divisor of 20 and 590.
10
Calculate the greatest common divisor of 732 and 168.
12
Calculate the highest common factor of 59 and 1121.
59
What is the greatest common factor of 28 and 84?
28
What is the highest common divisor of 76 and 950?
38
Calculate the greatest common factor of 1456 and 56.
56
Calculate the greatest common factor of 153 and 4080.
51
What is the greatest common factor of 15 and 765?
15
Calculate the greatest common divisor of 10543 and 26.
13
What is the highest common divisor of 8 and 436?
4
Calculate the greatest common divisor of 32 and 736.
32
Calculate the highest common factor of 56 and 77.
7
What is the highest common divisor of 3 and 156?
3
Calculate the highest common divisor of 1008 and 1232.
112
What is the highest common divisor of 12 and 420?
12
What is the greatest common factor of 99 and 275?
11
Calculate the greatest common divisor of 51223 and 181.
181
Calculate the greatest common divisor of 56 and 196.
28
Calculate the greatest common divisor of 30 and 489.
3
What is the highest common divisor of 1043 and 7?
7
Calculate the greatest common divisor of 1370 and 10.
10
Calculate the highest common factor of 54 and 36.
18
Calculate the greatest common factor of 114 and 78.
6
Calculate the greatest common factor of 1945 and 125.
5
Calculate the highest common divisor of 1443 and 13.
13
What is the greatest common factor of 608 and 56?
8
Calculate the greatest common factor of 50 and 325.
25
What is the highest common factor of 24 and 1980?
12
Calculate the greatest common factor of 24 and 132.
12
What is the highest common divisor of 120 and 3240?
120
What is the highest common divisor of 1844 and 16?
4
Calculate the highest common divisor of 152 and 3724.
76
What is the greatest common factor of 210 and 5145?
105
What is the greatest common divisor of 4448 and 128?
32
Calculate the highest common divisor of 1017 and 18.
9
What is the greatest common factor of 19108 and 68?
68
Calculate the highest common factor of 1750 and 70.
70
What is the highest common divisor of 33 and 2783?
11
What is the highest common factor of 506 and 138?
46
What is the greatest common divisor of 58 and 58?
58
Calculate the greatest common factor of 5 and 13555.
5
Calculate the greatest common divisor of 363 and 72.
3
Calculate the greatest common divisor of 46 and 46.
46
What is the greatest common factor of 33668 and 19?
19
Calculate the highest common divisor of 174 and 156.
6
Calculate the highest common divisor of 204 and 12.
12
Calculate the highest common divisor of 75 and 1300.
25
What is the greatest common divisor of 48 and 160?
16
What is the highest common divisor of 336 and 144?
48
Calculate the greatest common factor of 135 and 1365.
15
Calculate the greatest common divisor of 19 and 171.
19
What is the highest common divisor of 27 and 63?
9
What is the highest common factor of 2884 and 14?
14
Calculate the greatest common divisor of 459 and 204.
51
What is the highest common factor of 219 and 511?
73
Calculate the highest common factor of 64 and 608.
32
What is the highest common factor of 118 and 649?
59
What is the greatest common factor of 4410 and 7?
7
What is the greatest common factor of 37 and 11729?
37
Calculate the greatest common factor of 225 and 925.
25
What is the highest common divisor of 782 and 92?
46
Calculate the greatest common divisor of 242 and 154.
22
Calculate the highest common factor of 24 and 15480.
24
Calculate the greatest common factor of 468 and 2511.
9
What is the highest common divisor of 100 and 8600?
100
What is the highest common divisor of 135 and 30?
15
Calculate the greatest common divisor of 3100 and 50.
50
What is the highest common divisor of 1795 and 5?
5
Calculate the greatest common divisor of 576 and 1107.
9
What is the greatest common divisor of 181 and 8?
1
What is the highest common divisor of 2 and 1165?
1
Calculate the highest common factor of 561 and 255.
51
Calculate the greatest common factor of 8496 and 27.
9
Calculate the highest common divisor of 303 and 6.
3
Calculate the highest common divisor of 306 and 6273.
153
Ca